1*(0 + -1) + 71. Suppose -z - 4*z + w = 0. Let r(q) = -q + 16. List the prime factors of r(z).
2
Let q(o) = o + 11. Let r be q(-8). Let k(l) = 9*l + 4. Let z be k(4). Suppose -r*h + z = 2*h. What are the prime factors of h?
2
Suppose 3*v - 1388 = -5*a + 327, 2*a = 3*v - 1750. Suppose 0 = -o - o + v. Suppose o = -s + 6*s. List the prime factors of s.
2, 29
List the prime factors of 3 + (-3912)/(-8 + 4).
3, 109
Let r(f) be the first derivative of 5*f**2/2 + 24*f + 15. What are the prime factors of r(8)?
2
Let p = 11 + 5. Let v = -2 + p. Suppose -106 + v = -4*t. List the prime factors of t.
23
Let v(j) = 13*j**2 - 5. List the prime factors of v(8).
827
Suppose -2*q + 3*t + 3811 = 0, -t + 5733 = 30*q - 27*q. What are the prime factors of q?
2, 5, 191
Let k(a) = 433*a**2 + 3*a - 2. Let w be k(2). Suppose 182 - w = -14*b. What are the prime factors of b?
3, 37
Suppose 0 = -5*r + 10*r - 10. Suppose 3*k - 570 = 3*s, r*s = -5*k - 0*s + 915. Suppose 0 = -4*n - 0*n + 5*c + 149, -5*c - k = -5*n. List the prime factors of n.
2, 3
Suppose 2*c + 8 = 6*c. Let q(x) = -4*x + 1 + c - 10*x. What are the prime factors of q(-3)?
3, 5
Let u(y) = 4*y**2 + y - 35. List the prime factors of u(-11).
2, 3, 73
Suppose 5*j = -x + 36, 2*x - 6*x = j - 106. Suppose -3*l - 3 = n, 3*n = 5*n + l + x. What are the prime factors of n*((-14)/(-6) - 4)?
5
Suppose 4*y + 66 + 162 = -3*p, -415 = 5*p - 5*y. Let a = 91 + p. What are the prime factors of a?
11
Let f(j) = 2 + 8 - 5 - 11*j - 3 - j**2. Let s be (8/10)/(2/(-20)). List the prime factors of f(s).
2, 13
Suppose 20*v = 24*v - 4968. List the prime factors of v.
2, 3, 23
Let j(n) = -n**2 + 19*n + 4. Let b be j(16). Let w = -1 + b. List the prime factors of w.
3, 17
Let w be (0 - 0)/(2/(-2)). Suppose -g - 5 = -2*v, w*g - 5*g + 7 = -2*v. What are the prime factors of (v - (-108)/4) + -1?
2, 3, 5
Suppose 0 = -2*n - 3 - 31. Let y(s) = -s**2 + s - 14. Let o be y(0). Let v = o - n. What are the prime factors of v?
3
Suppose 2*j + 9 = -j. Suppose -5*b = -9 + 39. Let y = j - b. List the prime factors of y.
3
Let y = 494 + -334. Let a = y - 97. What are the prime factors of a?
3, 7
Let y be -2 + -7*(-4 + 3). Let o be y + (-1 - 0/2). Suppose 4*l - 44 = -o*h, -3*h - 5*l - 89 = -7*h. What are the prime factors of h?
2
Let v = 1757 - 1087. What are the prime factors of v?
2, 5, 67
Let l = -23 + 18. List the prime factors of (-8)/(l/(-255)*-3).
2, 17
Suppose 5*x = 2*x + 102. Let y be 27*x*10/(-15). List the prime factors of y/(-14) - (-12)/42.
2, 11
Let m be 12/(-30) + 16/(-10). Let f be -9 - (-3 - (m + 3)). Let u(l) = -8*l + 2. List the prime factors of u(f).
2, 3, 7
Let z = -5 - -9. Let n(m) = m + z + 10 + 4. What are the prime factors of n(-11)?
7
Suppose -12*a + 2485 = -3215. What are the prime factors of a?
5, 19
Let o = -170 - -262. Suppose -18 = 2*j - o. What are the prime factors of j?
37
Let v(c) = 15*c**2 + 6*c + 64. What are the prime factors of v(-9)?
5, 7
Let m = -105 - -5. List the prime factors of 9/(-5)*m/30.
2, 3
List the prime factors of 12 - 4 - (-3393)/3.
17, 67
Suppose -61 = 5*s - 26. Let q(m) = -1 + 18 - 7 - m. List the prime factors of q(s).
17
Let l(d) = 7*d**3 - 7*d**2 - d. Let v(m) = -6*m**3 + 6*m**2 + 2*m + 1. Suppose 15 - 5 = 2*i. Let f(a) = i*l(a) + 6*v(a). List the prime factors of f(-4).
2, 29
Let x(r) = -9*r**3 + r**2 - 1. Let h be 42/(-35) + (-1)/(-5). Let b be x(h). Suppose 2*f + f = b. List the prime factors of f.
3
Suppose 29 = 8*a - 3. Suppose -5*c - j - a*j + 1075 = 0, -635 = -3*c - j. What are the prime factors of c?
2, 3, 5, 7
Let p(t) = t**2 + 5*t + 10. Let a be p(-3). Suppose -a*m = 5*v - 77, 7*m - 86 = 3*m - 2*v. List the prime factors of m.
23
Let g(b) = 33*b**3 - b**2 + 2*b + 1. Let i be g(-1). Let v = i + 156. List the prime factors of v.
11
Let g = 5 + -2. Suppose g*s - 2 - 4 = 0. Suppose -115 = -3*l - s*l. What are the prime factors of l?
23
List the prime factors of (-1688)/(-6) + (8/(-6) - -2).
2, 3, 47
Let h(o) = 129*o**2 - 45*o + 4. What are the prime factors of h(3)?
2, 5, 103
Let q(w) = 3*w**2 + w**2 - w**2 + 0*w**2 + 15*w + 13. List the prime factors of q(-8).
5, 17
Suppose 10633 = 6*c - 2369. List the prime factors of c.
11, 197
Let u(i) = 83*i**2 + 159*i - 9. What are the prime factors of u(-6)?
3, 5
Suppose 0 = 2*z - 4 + 12. Let c be (-1)/((-4)/(-60)) + (2 - -1). What are the prime factors of c/z - 2*-9?
3, 7
Let f = 68 - 65. Let w(k) = k**2 + 0*k**2 - 4 - 3*k + k**3 + 2*k. List the prime factors of w(f).
29
Suppose 0 = -8*m - 543 + 4375. What are the prime factors of m?
479
Let h(p) be the second derivative of 0*p**3 + 0 + 0*p**2 + 3/4*p**4 + p. List the prime factors of h(-2).
2, 3
Suppose 86 = -5*x + 291. Suppose j - x = -4*c, 0*j - 4*j + 24 = 2*c. What are the prime factors of c?
2, 5
Let v(u) = -2*u + 15. Let o be v(7). Suppose o = 5*p - 6*p. What are the prime factors of (19 - p) + 5 + -7?
2, 3
Let q(r) = -r - 69. Let w be q(-11). Let v = w - -135. List the prime factors of v.
7, 11
Let i(h) = 7*h**3 - 9*h**2 + h. Let f(y) = 8*y**3 - 10*y**2 + y + 1. Let k(c) = 6*f(c) - 7*i(c). List the prime factors of k(-4).
2, 61
Suppose -n - 14 + 1 = 0. Let b = 16 + n. Suppose 4*s - b = 17. What are the prime factors of s?
5
Let p = 1865 - 700. What are the prime factors of p?
5, 233
Let a(u) = -u**3 - u**2 - 2*u - 2. Let n be a(-3). Let m be ((-2)/2)/((-2)/(-30)). Let j = m + n. What are the prime factors of j?
7
Let j(v) = -v + 5. Let y be j(-5). Let q(m) = m - 8. Let a be q(y). Suppose -2*d = 8, -p - a*d = 4*p - 242. What are the prime factors of p?
2, 5
Suppose -2*r - j = -8974, 5*j + 19 = -1. What are the prime factors of r?
67
Suppose j = 2*p + 850, -p = j + p - 842. List the prime factors of j.
2, 3, 47
Let i(l) = -105*l + 16. What are the prime factors of i(-1)?
11
Let v(g) = -g**2 + 8*g - 2. Let h be v(6). Let y be (-93)/(-33) + h/55. Suppose y*d - 53 = -5*i + 3*i, -2*i = 4. What are the prime factors of d?
19
Let f(a) = a**3 + 22*a**2 + 41*a + 20. Let i be f(-20). Suppose -23*u + 22*u + 130 = i. What are the prime factors of u?
2, 5, 13
Suppose -3*o + 130 = -2*h, -h - 35 = 2*o - 117. Let l be 2/4*o + -2. Suppose l = -2*m + 65. What are the prime factors of m?
23
Let p(x) = 13*x**2 - 58*x + 27. What are the prime factors of p(12)?
3, 401
Let h(z) = 2*z**3 + z**2 - 3*z - 2. Let k be h(-3). Let y = k - -62. List the prime factors of y.
2, 3
Suppose -3*o = o. Suppose -27 = -o*k + 3*k. List the prime factors of k*(-1)/6*22.
3, 11
List the prime factors of (-770)/49*(-163 + -1 + 3).
2, 5, 11, 23
Suppose 5*w - 7182 = -3*h, 322 = -w + 4*h + 1740. List the prime factors of w.
2, 3, 239
Suppose -u - 89 = -4*c - 4*u, 3*c - 51 = 3*u. Suppose 0 = -4*t + 4*n + c, -4*n = -5*t + 23 - 3. What are the prime factors of (t - -54) + -2 + -3?
7
Suppose -4*u = -4*y - 45 - 27, -5*y = -u + 22. Suppose 0 = u*f - 4*f - 403. What are the prime factors of f?
31
Suppose 7*n + 4 = 18. Suppose -166 - 146 = -n*g - 3*c, g - 5*c - 143 = 0. What are the prime factors of g?
3, 17
Let m(g) = 5*g - 2. Let x = -4 + 5. Let o be x*(-1 + 0 + 4). List the prime factors of m(o).
13
Let h be 8/(-4)*((-3)/6 + -2). Suppose -h*k - 3*k = -808. List the prime factors of k.
101
Suppose 2*i - 230 = 4*t + t, -2*t - 92 = 5*i. Let m = 32 + t. Let y = 44 - m. List the prime factors of y.
2, 29
Suppose -4*d + 52 = 4*f, 2*f + 4*d = f + 10. Let q(c) = 2*c**2 - 21*c - 4. What are the prime factors of q(f)?
2, 47
Suppose 5*l - 26 = -6. Suppose -l*z - 25 + 285 = 0. Suppose -x = 4*h - 91 - z, -2*h - 4*x = -92. What are the prime factors of h?
2, 19
Let i(u) = 2*u**2 + 6*u - 9. Let g be i(-8). Let o = g + -23. What are the prime factors of o?
2, 3
Let h be -2 + 46 + 2 + -4. Suppose h = -w - 2*w. Let l = 18 + w. What are the prime factors of l?
2
Let j be (4/3)/((-3)/9). Let u be (-1416)/(-44) + j/22. What are the prime factors of ((-42)/(-4))/(24/u)?
2, 7
Suppose 3*b = -3*m + 7161, -3*m + 2*b + 5378 = -1783. List the prime factors of m.
7, 11, 31
Let b(a) = a - 4. Let x be b(6). Suppose 82 = x*c - 12. Suppose 28 = 2*s - 2*q, -c = -5*s - q + 23. List the prime factors of s.
2, 7
Let z = 55 - -35. Let n = z + -50. What are the prime factors of n?
2, 5
Suppose -6*t + 233 + 73 = 0. What are the prime factors of t?
3, 17
Suppose 0*m + 730 = -5*m. Le